s of 223513646?
2, 111756823
What are the prime factors of 1076043565?
5, 41, 173, 30341
What are the prime factors of 408251152?
2, 31, 127, 6481
List the prime factors of 70034032.
2, 293, 14939
What are the prime factors of 147649789?
7, 1033, 2917
List the prime factors of 1257653611.
239, 5262149
List the prime factors of 475330598.
2, 237665299
List the prime factors of 129531357.
3, 641, 22453
List the prime factors of 309657200.
2, 5, 774143
List the prime factors of 258375789.
3, 7, 107, 38329
List the prime factors of 1900865487.
3, 633621829
What are the prime factors of 211998901?
43, 4930207
List the prime factors of 61016418.
2, 3, 3389801
What are the prime factors of 20189205?
3, 5, 71, 89
List the prime factors of 107921448.
2, 3, 73, 20533
List the prime factors of 1330991312.
2, 7, 151, 11243
List the prime factors of 96287357.
37, 167, 15583
What are the prime factors of 142721128?
2, 11, 43, 37717
What are the prime factors of 36218868?
2, 3, 7, 541, 797
List the prime factors of 1030647571.
19, 54244609
List the prime factors of 2573967936.
2, 3, 1423, 9421
List the prime factors of 2343044093.
13, 991, 181871
List the prime factors of 254336251.
13, 19564327
What are the prime factors of 130119168?
2, 3, 84713
What are the prime factors of 838798481?
838798481
What are the prime factors of 3340080807?
3, 7, 101, 103, 15289
What are the prime factors of 331182431?
43, 7701917
List the prime factors of 37434008.
2, 1471, 3181
What are the prime factors of 14386080?
2, 3, 5, 17, 41, 43
What are the prime factors of 8907807704?
2, 151, 7374013
List the prime factors of 2092883598.
2, 3, 13, 457, 19571
What are the prime factors of 2308886306?
2, 1154443153
What are the prime factors of 2859558606?
2, 3, 31, 1708219
What are the prime factors of 706558127?
11, 64232557
List the prime factors of 359560026.
2, 3, 7, 431, 2207
List the prime factors of 233778304.
2, 503, 3631
List the prime factors of 35790263.
29, 1234147
What are the prime factors of 55458808?
2, 2447, 2833
What are the prime factors of 219663002?
2, 13, 8448577
List the prime factors of 357397624.
2, 29, 647, 2381
List the prime factors of 12930101.
349, 37049
List the prime factors of 1809910836.
2, 3, 137, 366973
What are the prime factors of 2626776119?
11, 238797829
List the prime factors of 9582759.
3, 257, 1381
What are the prime factors of 3077216966?
2, 23, 66896021
What are the prime factors of 96397039?
96397039
What are the prime factors of 63269776?
2, 3954361
What are the prime factors of 530786237?
13679, 38803
List the prime factors of 159127103.
911, 174673
List the prime factors of 78865245.
3, 5, 194729
List the prime factors of 494202076.
2, 109, 10399
What are the prime factors of 27348648?
2, 3, 17, 3943
What are the prime factors of 19907711?
19907711
List the prime factors of 933195186.
2, 3, 7, 11, 211, 3191
List the prime factors of 43199585.
5, 11, 13, 31, 1949
What are the prime factors of 273461723?
73, 3746051
What are the prime factors of 1112142258?
2, 3, 149, 277, 499
List the prime factors of 41319868.
2, 23, 449129
List the prime factors of 550089076.
2, 137522269
What are the prime factors of 116124227?
116124227
What are the prime factors of 66933576?
2, 3, 557, 1669
List the prime factors of 2623179751.
277, 9469963
List the prime factors of 142644996.
2, 3, 13, 101599
List the prime factors of 7126059886.
2, 11, 661, 490033
What are the prime factors of 195058582?
2, 29, 149, 22571
List the prime factors of 5208232043.
7, 7589, 98041
List the prime factors of 2105053767.
3, 8179, 28597
What are the prime factors of 1733209802?
2, 433, 2001397
List the prime factors of 59811487.
19, 3147973
List the prime factors of 175619624.
2, 2861, 7673
What are the prime factors of 1385062735?
5, 7, 307, 128903
What are the prime factors of 40646232?
2, 3, 11, 17107
List the prime factors of 14892017.
7, 17, 23, 5441
List the prime factors of 117494424.
2, 3, 131, 12457
What are the prime factors of 512451879?
3, 3251, 52543
List the prime factors of 572362929.
3, 2355403
What are the prime factors of 448569309?
3, 19, 7869637
List the prime factors of 473392118.
2, 23, 67, 269, 571
List the prime factors of 250814476.
2, 11, 103, 55343
List the prime factors of 261287291.
23, 1999, 5683
What are the prime factors of 2909722492?
2, 6547, 111109
What are the prime factors of 25982245?
5, 5196449
What are the prime factors of 66014850?
2, 3, 5, 11, 40009
What are the prime factors of 1202536079?
1201, 1001279
List the prime factors of 44005761.
3, 543281
List the prime factors of 5199495080.
2, 5, 13, 73, 136973
List the prime factors of 111068204.
2, 13, 257, 8311
What are the prime factors of 310567625?
5, 877, 2833
List the prime factors of 14136698.
2, 7068349
List the prime factors of 307790517.
3, 43, 283, 8431
List the prime factors of 398902158.
2, 3, 2462359
List the prime factors of 6423273477.
3, 887, 804619
What are the prime factors of 760562478?
2, 3, 13, 199, 16333
List the prime factors of 5340339.
3, 31, 19141
What are the prime factors of 181330377?
3, 31, 37, 52697
List the prime factors of 19933070.
2, 5, 1993307
What are the prime factors of 587779633?
7, 83968519
List the prime factors of 16508735.
5, 61, 113, 479
List the prime factors of 1069858246.
2, 17, 71, 443189
List the prime factors of 461339969.
19, 383, 63397
What are the prime factors of 261533844?
2, 3, 11, 13, 101, 503
List the prime factors of 400680877.
937, 427621
List the prime factors of 36305949.
3, 47, 257489
What are the prime factors of 88400914?
2, 7, 23, 281, 977
What are the prime factors of 4724372870?
2, 5, 7, 67491041
List the prime factors of 127123064.
2, 31, 512593
List the prime factors of 121936973.
1657, 73589
List the prime factors of 212374157.
23, 9233659
What are the prime factors of 1456187922?
2, 3, 7, 269, 14321
What are the prime factors of 1760216825?
5, 43, 127, 12893
What are the prime factors of 51803890?
2, 5, 251, 20639
List the prime factors of 56904685.
5, 31, 367127
What are the prime factors of 5719770?
2, 3, 5, 7, 1297
List the prime factors of 1925479498.
2, 521, 1847869
List the prime factors of 642951275.
5, 131, 137, 1433
What are the prime factors of 162604210?
2, 5, 16260421
List the prime factors of 43831703.
43831703
What are the prime factors of 501027192?
2, 3, 127, 157, 349
List the prime factors of 2329106716.
2, 19, 191, 281, 571
What are the prime factors of 263412120?
2, 3, 5, 53, 83, 499
What are the prime factors of 4933674716?
2, 1233418679
What are the prime factors of 3273664786?
2, 7, 107, 2185357
List the prime factors of 36713675.
5, 1468547
What are the prime factors of 2558418719?
2558418719
What are the prime factors of 4772195002?
2, 19, 641, 195919
What are the prime factors of 198944208?
2, 3, 229, 2011
List the prime factors of 982177143.
3, 14321, 22861
What are the prime factors of 24218893?
811, 29863
What are the prime factors of 5351821391?
7, 17, 6133, 7333
List the prime factors of 4143898349.
157, 197, 133981
List the prime factors of 5754523815.
3, 5, 127878307
List the prime factors of 138156884.
2, 233, 271, 547
What are the prime factors of 76233077?
113, 157, 4297
List the prime factors of 602118994.
2, 9419, 31963
What are the prime factors of 713246024?
2, 89155753
What are the prime factors of 870293436?
2, 3, 72524453
What are the prime factors of 2559334132?
2, 639833533
List the prime factors of 93003126.
2, 3, 37, 418933
What are the prime factors of 64866909?
3, 47, 223, 2063
What are the prime factors of 25503753?
3, 11, 59, 13099
List the prime factors of 563942888.
2, 23, 3064907
What are the prime factors of 259116394?
2, 129558197
What are the prime factors of 209958624?
2, 3, 729023
What are the prime factors of 35997217?
35997217
List the prime factors of 33403358.
2, 1531, 10909
What are the prime factors of 67111027?
67111027
What are the prime factors of 2004933786?
2, 3, 334155631
What are the prime factors of 1894518448?
2, 118407403
List the prime factors of 4022207.
7, 59, 9739
List the prime factors of 119271337.
17, 41, 211, 811
What are the prime factors of 224496290?
2, 5, 1181, 19009
What are the prime factors of 79750762?
2, 7, 13, 37, 9